(-99)/(-66)*26710/3 a prime number?
False
Let j(x) = -2*x**2 - 9*x - 9. Let m(f) = f**2 + 4*f + 5. Let k(d) = -6*j(d) - 11*m(d). Let c be k(13). Suppose -h = r - c, -h - 5*r + 123 = -195. Is h prime?
True
Suppose 13862 + 1140103 = 57*o. Is o composite?
True
Let v be (6/(-4))/(6/(-16)). Suppose -v*h - 2*c = -36, 5*c + 8 = c. Let b = 89 - h. Is b a composite number?
False
Let t = -17 + 16. Let k be 3/((-3)/t - 2). Suppose 0 = -k*d - 2*x + 91, 5*d + 7*x = 3*x + 151. Is d prime?
True
Let s(m) = 18*m + 14. Let x be s(12). Let t be (-327)/2*(-4)/6. Suppose -x - t = -3*i. Is i a composite number?
False
Let j(s) = 51*s**2 - 2*s + 5. Let w be j(-4). Let r = w + -488. Is r a composite number?
True
Let z(t) = t + 4. Let j be z(-4). Suppose -2 = -w - j. Is (-23)/(w*(-4)/40) composite?
True
Suppose 1923 = 5*f - 2907. Let t = -643 + f. Is t composite?
True
Suppose 67043 = 5*s - 19382. Is s prime?
False
Let k(t) be the first derivative of -t**6/120 + t**5/4 - 7*t**4/24 - t**3/6 + 11*t**2/2 - 2. Let n(d) be the second derivative of k(d). Is n(9) composite?
True
Let f(m) = 31*m**2 + m + 6. Let s be f(-4). Suppose -1707 = -2*v + g, 3*v + 5*g + s = 3052. Is v prime?
True
Let d be (-48)/(-40)*(-90)/(-2). Is (-2 - -4 - -2) + d composite?
True
Let s(j) = -572*j + 75. Is s(-22) a composite number?
False
Let p = -2578 + 9245. Is p a prime number?
False
Suppose -4544 = -51*w + 55*w. Let k = w + 2617. Is k composite?
False
Suppose 4*d - 2*i + 2 = 0, 4*d + 4 = i - 3. Is 5 - (-192 + d + -1) prime?
False
Suppose -2 - 16 = -3*t. Is (2 + -4)*(-981)/t prime?
False
Is 2/19 + (-1108284)/(-228) a composite number?
False
Let o(n) = 11*n - 17. Let h be o(-8). Suppose 0 = -0*r + 2*r + 592. Let j = h - r. Is j composite?
False
Suppose -k + 4 = b, 2*b + 2*b + 5*k - 11 = 0. Let z(u) be the third derivative of u**5/15 - u**4/12 + u**3/6 + 22*u**2. Is z(b) a composite number?
False
Let d = 21 - 14. Let n be (-2)/(((-84)/56)/(3/2)). Suppose d*m - 170 = n*m. Is m a prime number?
False
Let v(j) = -59*j - 345. Is v(-50) prime?
False
Let a be 3/(-2)*4/(-3). Suppose 5*b + 2*w - 3579 = -1260, 2*b - 927 = -w. Suppose -5*f + b = -a*f. Is f a composite number?
True
Let y(z) = 2*z**2 - 7*z + 1. Let n be y(3). Let u(f) = -2*f - 1. Let i be u(n). Is 267 - 3/i*-2 prime?
True
Let j = -73 + 78. Suppose -f = -j*p - 116, 2*f - f = 2*p + 101. Is f a composite number?
True
Let p be (-2)/4 + 10386/4. Suppose p = 5*w - 854. Is 6/(-4)*w/(-9) composite?
True
Let c = 4874 + -2913. Is c prime?
False
Let o(l) be the third derivative of l**5/15 - l**4/6 + 3*l**3/2 - 10*l**2. Let u be o(6). Suppose 0 = -2*v + t - u + 572, -4 = 4*t. Is v a prime number?
False
Let k be (-7)/14 - (-10)/4. Suppose -1061 = -4*n + 5*j, -5*n - 2*j = k*j - 1275. Is n a composite number?
True
Let l(o) = 19*o**2 - 5. Let g be l(4). Let m = -136 + g. Is m prime?
True
Suppose 2*w + 14 = 4*w. Suppose 2031 = -4*d + w*d. Is d composite?
False
Let c(m) = -18*m**3 - 8*m**2 + 11*m + 265. Is c(-14) a prime number?
False
Suppose 2*q = -2*y - 124, 0 = 2*q - q - 4. Let i = y + 104. Is i a composite number?
True
Let j = -26196 + 38377. Is j a composite number?
True
Suppose 46*j = 13*j + 13827. Is j prime?
True
Let c be 4*(24/(-16))/(-1 - 2). Suppose c*n = 5*n - 7977. Is n prime?
True
Suppose 3*v - 84 = -v. Is (410 + -1)/(v - 20) composite?
False
Let n(c) = c**2 + 2*c - 3. Let m be n(3). Let x(i) = i + 7. Is x(m) composite?
False
Suppose -2*k + 19*k - 22729 = 0. Is k composite?
True
Let c be -3*1*(-224)/(-48). Let i = c + 17. Suppose -2*a + s + 655 = 0, -i*a + 0*a - s + 990 = 0. Is a a composite number?
True
Let b(j) = -j**2 + 70*j + 38081. Is b(0) a prime number?
False
Let x be (52 + 2)*(-4)/((-48)/(-20)). Is (x/(-4))/(-9)*(-1 + -381) a prime number?
False
Let h(u) = 2*u**2 + 6*u - 1. Let l be h(-5). Suppose -4*t + 3 = l. Let y(b) = -21*b + 3. Is y(t) prime?
False
Suppose 3*h - 5 = 4. Suppose h*j - 132 = 69. Is j composite?
False
Let g be (-206)/(-30) + 10/75. Let v(p) = 2*p - 10. Let j be v(g). Suppose -j*y + 2*y = -674. Is y a composite number?
False
Let m be 752/22 + -1 + (-18)/(-22). Is (m + -36)*((-1270)/4 - -1) a composite number?
True
Let c = -14 - -20. Suppose -c*t + 2842 = 106. Suppose w - 2*i = -5*i + 461, w = -2*i + t. Is w a composite number?
True
Let i(o) = 25*o**2 + 3*o + 1. Suppose -2*t + y - 11 - 2 = 0, -2*t = -2*y + 18. Is i(t) a prime number?
True
Let o(a) = 40*a**2 - 2*a - 1. Let v be o(3). Let d = v - 192. Is d prime?
False
Let r(u) be the second derivative of 13*u**4/6 - 5*u**3/6 + u**2/2 - 14*u. Is r(6) a prime number?
True
Is (-85)/(-68) - (-2)/((-8)/(-77063)) a composite number?
False
Let q(k) = 52*k**2 - 20*k - 1. Is q(-9) composite?
False
Let v(x) = 7*x + 22. Let g be v(-4). Is (-5)/(4/1858*g/12) composite?
True
Is (-8147)/(-4)*(0 - -1 - -3) composite?
False
Let r be (1206/(-27))/(2/(-3)). Let u = 60 + r. Is u a prime number?
True
Let t = -7 - -10. Suppose -10126 = -4*a - t*h, -10134 = -7*a + 3*a + h. Is a a composite number?
True
Let v(a) = 121*a + 15. Let q(u) = -60*u - 8. Let i(h) = 5*q(h) + 3*v(h). Is i(3) composite?
True
Let g = 39 + 215. Suppose 2*o - 4*o = -g. Is o a prime number?
True
Let v be -2 + 9 + (-2)/(-2). Suppose -6 = -2*y, v*y = l + 3*y - 23. Let d = -3 + l. Is d prime?
False
Suppose -z + 3750 = 2*l - 30009, -3*l - 5*z + 50642 = 0. Is l a composite number?
False
Let k(f) = -9*f**3 - 10*f**2 + 2*f + 4. Let y(c) = -8*c**3 - 10*c**2 + 2*c + 5. Let l(h) = -2*k(h) + 3*y(h). Is l(-7) a prime number?
False
Let t(s) = -s**2 - 6*s - 7. Let k be t(-5). Let r = -3 - k. Is (-375)/(-3) + (1 - r) a prime number?
True
Let i(w) = 437*w**2 + 11*w - 11. Is i(5) composite?
True
Let j(l) = -12*l - 59. Let p be j(-8). Let g = p - -154. Is g prime?
True
Suppose 4*b + 6193 = 16557. Is b composite?
False
Let o = 683 + -180. Let j = 213 - o. Let g = j - -467. Is g composite?
True
Let f = -56 + 53. Is (f/4)/(((-15)/3)/2260) composite?
True
Let o(z) be the first derivative of -z**3/3 - 3*z**2/2 + 5*z - 1. Let x(l) be the first derivative of o(l). Is x(-9) a prime number?
False
Suppose 0 = 5*f + 4*c - 4232, 4*c = -2*f - 36 + 1724. Let v = f + -469. Is v a prime number?
True
Is 3/(4/(-46) + (-288508)/(-3314668)) a prime number?
False
Suppose 0*d + 2*d = 5*m - 26, 3*d = m - 13. Suppose 795 = 5*z + 7*p - 2*p, m*z + 5*p = 641. Let r = -41 + z. Is r a prime number?
True
Is (0 - -4 - 5)*(7 + -450) prime?
True
Let v = 1065 - -272. Is v a prime number?
False
Suppose 3*d - 45066 - 35310 = 3*g, 5*g - 25 = 0. Is d a composite number?
True
Suppose -5*w + 2*i = i - 5, 0 = -5*w - 3*i + 25. Is (w*573*4/12)/2 a prime number?
True
Is (-4)/12 + 3138/(-9)*-2 a prime number?
False
Suppose -15*l + 58 = 13. Is -2 - (-109 + 0) - (4 - l) a prime number?
False
Let i = 25 + -14. Let u(s) = 6*s**2 + 10*s - 10. Let j be u(i). Let h = 1409 - j. Is h a composite number?
True
Let f = 60 + -55. Is 3422/(f + (-6)/2) a composite number?
True
Let t(u) = 10*u**3 + u**2 + 6*u - 9. Let f = 117 - 113. Is t(f) a prime number?
False
Suppose 287*w - 281*w = 62430. Is w prime?
False
Let q(y) = -74*y + 1. Suppose -4*j + 7 = 2*z + 27, z = 4*j + 26. Is q(j) composite?
True
Let t = -31724 + 58765. Is t prime?
False
Is 7 + (-9)/3 + (-103257)/(-11) a composite number?
False
Let m(l) = l**2 + 7*l - 10. Suppose 0 = x + 11 - 0. Is m(x) a composite number?
True
Let p(i) = 196*i - 5. Is p(1) composite?
False
Suppose c = 0, -2*c + 7 + 3 = -2*h. Let t be (4 + 1)/(5/h). Is t - -5 - (-222 - -1) prime?
False
Let k(l) = -5*l + 8*l - l + 144*l**3 - 2*l**2 - 1. Let t be k(1). Is (t/2)/((-5)/(-10)) prime?
False
Let r = 991 - 618. Suppose -t + 4*f = -r, 4*t + 0*f + 3*f = 1530. Is t prime?
False
Let y = 8 - 24. Let b = 18 + y. Suppose -b*h = -h - 11. Is h a prime number?
True
Suppose 2*j - 31 + 25 = 0. Suppose t - 958 = -3*t - 5*z, j*t + 2*z - 715 = 0. Is t a composite number?
True
Suppose -3*g + 25 = -0*g + 2*k, -2*g = 3*k - 25. Suppose g*i - 3889 = 2166. Is i prime?
False
Let v(t) = t**3 - 7*t**2 + 6*t. Let o be v(6). Suppose o = -0*c - 3*c + 12. Suppose 0 = c*i - 5*f - 549, -i + f = 4*i - 660. Is i composite?
False
Let p be 3 + 5 + -2 + -8. Let m be -6 - -8 - (p - 6). Suppose 0 = s - 5*c - 511, -4*c - 2471 = -m*s + 5*s. Is s a prime number?
True
Suppose -9*q = -6*q - 15. Is 1108/q + 3/(-5) a pr